ndreds digit of u?
2
Let c(h) = h**2 + 13*h - 76. Let a be c(-18). Suppose 0 = -a*b + 10*b + 4424. What is the hundreds digit of b?
1
Let b(i) = 8*i - 10. Let w be b(-4). Let o = w + 44. Suppose o*m = -m + 3*x - 3, 2*x = 4. What is the units digit of m?
1
Let h(g) = g**2 - 232*g - 34 + 117*g - 9 + 22 + 113*g. Suppose 0*u - 2*u - 30 = 0. What is the tens digit of h(u)?
3
Let b(j) = 8*j**2 + 34*j - 9. Let k be b(15). Suppose k = 2*p + 3*m, -p - 7*m + 1148 = -6*m. What is the thousands digit of p?
1
What is the thousands digit of (-3*4/(-8))/(-1)*-4250?
6
Let v(j) = 1248*j**3 - 28*j**2 + 70*j - 39. What is the units digit of v(2)?
3
What is the ten thousands digit of 20/(-2) + -146881*(-29)/203?
2
Let a = -49 - -52. Suppose 3*b - 1771 + 477 = 2*v, 4*b + a*v - 1714 = 0. Suppose -5*n + 0*n = -b. What is the units digit of n?
6
Let x be (-22)/(-5) - 3/(-5). Suppose -x*q = u - 163, -2*u = -7*q + 2*q - 401. Let r = u + -120. What is the tens digit of r?
6
Let n = -10 + -249. Let v = n - -409. What is the units digit of v?
0
Let b be (-38)/(-4) + 1/(10/(-5)). Let m(l) = -l**3 + 14*l**2 - 2*l + 13. What is the units digit of m(b)?
0
Let x = 5 - -2462. Suppose -x = -7*c + 1733. What is the tens digit of c?
0
Let i = -27 + 35. Let w be 10/4 + (-4)/i*-1. Suppose -28 = -w*f + 2*f. What is the units digit of f?
8
Let u(w) = 11*w - 5. Let g(b) = b**3 - 14*b**2 + 14*b - 1. Let i be g(13). Let l be ((-4)/3 + 1)/((-2)/i). What is the tens digit of u(l)?
1
Let i = -239 - -19. Let t be -7 + 2 + i/5. What is the hundreds digit of (-219)/((-2)/(-15) - t/(-30))?
1
What is the tens digit of -3 + (1 - -4439) - 12?
2
Suppose o - 6497 = 2*t, 0 = -3*o - 2*t - 11389 + 30872. Suppose -2*m - o = -5*h, h - 3898 = -2*h + m. What is the units digit of h?
1
Let b be 7*1*-28*92/(-23). Suppose -31 = 3*h + 3*u - b, -5*h + 1267 = u. Let c = -135 + h. What is the units digit of c?
9
Let p(n) = -40 + 5*n + 3*n**2 + 11 + 9. Let s be p(-11). Let d = -105 + s. What is the units digit of d?
3
Let j(k) = -5*k + 6. Suppose -3*a + 2*a - 13 = 0. Let z be j(a). Suppose -4*v + 0*v + 281 = 5*r, 2*r - z = -v. What is the tens digit of v?
6
Let h be (-38 - -1)*(-6 - -1). Let p = 1522 - 1518. Suppose -o = p*o + 2*b - 916, 0 = o + b - h. What is the tens digit of o?
8
What is the thousands digit of 64/(-32) + (6662 - (2 - -2))?
6
Let h(k) be the second derivative of k**5/60 - k**4/12 - 4*k**3/3 - 3*k**2 + 11*k. Let q(z) be the first derivative of h(z). What is the units digit of q(6)?
6
Suppose 5*w + 4*h = -163, w + 28 = 3*h - 16. What is the hundreds digit of (-5859)/w - 4/(-30)*-3?
1
Let m(w) = w**2 + w - 1. Let q be m(1). Let o(f) = 139*f**3 + f**2 + f - 1. Let t be o(q). Let n = -38 + t. What is the tens digit of n?
0
Let n(p) = -2*p**3 - 3*p**2 + 2*p + 6. Let b be (1 - 4) + (-24)/((-16)/4). Suppose 4*g + b*g + 28 = 0. What is the tens digit of n(g)?
7
Suppose 18*k - 81 = -9. Suppose 5*q - 8*y + 3*y - 340 = 0, 3*q = k*y + 202. What is the units digit of q?
0
Suppose 55884 = -1493*z + 1496*z. What is the ten thousands digit of z?
1
Suppose 119*x - 34*x - 543575 = 0. What is the tens digit of x?
9
Suppose 11 - 10 = -z. Let r be 3/6*z*2. What is the units digit of -156*(16/(-12) - r)?
2
Let r(c) = -c - 1. Let w be r(-5). Suppose a + 2*l = 4*a - 212, w = -4*l. Let p = 118 - a. What is the units digit of p?
8
Suppose -5*v + 5*l + 40 = -0*l, -2*l + 14 = v. Let a(m) = m**2 + 2*m - 7. Let g be a(v). Let t = -57 + g. What is the tens digit of t?
5
Let p(x) = x**2 - 10*x + 191. Let h(y) = y**2 - 15*y - 34. Let d be h(17). What is the units digit of p(d)?
1
Suppose -19*z - 1619 = -17446. Let m = z + -580. Suppose 0 = 5*v - 482 - m. What is the hundreds digit of v?
1
Let v be (-57)/2*(-16)/12. Suppose 4*w = -3*k + 6*k - v, 3*k - 3*w - 33 = 0. What is the tens digit of 1166/12 - 1/k?
9
Suppose 2*r = t - 300 + 80, r + 99 = -5*t. Let d(j) = 13*j + 3. Let f be d(-3). Let n = f - r. What is the tens digit of n?
7
Suppose 3*k - 1 = 5. Let t = 8 + k. Suppose -4*o + 340 = 3*i - 0*o, -2*o - t = 0. What is the units digit of i?
0
Let f(j) = j**3 + 12*j**2 + 5*j + 2 + 29*j - 68*j + 26*j. Let m be (-2 - -5)*33/(-9). What is the units digit of f(m)?
1
Let c = -32 + 35. Let o be (c/(-12))/(4/(-208)*1). Suppose o*j - 10*j = 231. What is the tens digit of j?
7
Let u = -349 - -349. Suppose -3*h - 2*v = -2206, 4*h + v - 4376 + 1443 = u. What is the hundreds digit of h?
7
Suppose 671 + 1531 = 2*x. What is the tens digit of x/9 - (-2)/(-6)?
2
What is the units digit of 30/120*(1 - 153*-499)?
7
Let d(x) be the first derivative of -x**3/3 + 15*x**2 + 36*x + 24. What is the tens digit of d(18)?
5
Let q = -52 - -56. Suppose 3*t = -4*n + 26, -t + 8 = -3*n + q*n. Suppose 3*z - t*z = -75. What is the units digit of z?
5
Suppose -3*z + 8*z = 800. What is the units digit of -2 + 4 + z/5?
4
Suppose 20*o - 15*o = 70. Suppose -o*r - 13656 = -22*r. What is the tens digit of r?
0
Let a be (-8)/20 + 22/5. Suppose 0 = -5*w + 29 - a. Suppose w*y - 11 - 524 = 0. What is the units digit of y?
7
Let m(l) = -l**3 - 25*l**2 - 91*l - 57. Let w be m(-21). Let d(p) = 18*p + 1. Let u be d(3). Suppose -5*v + u + w = 0. What is the tens digit of v?
2
Let l = -7629 - -15746. What is the units digit of l?
7
Suppose 42443 + 18093 = 28*q. What is the units digit of q?
2
Suppose -5*u = -4*b - 164, -u - b + 37 - 6 = 0. Let h = 38 - u. Suppose -g = -30 - h. What is the units digit of g?
6
Let c(r) be the third derivative of r**5/6 - 19*r**4/24 + 53*r**3/6 - 27*r**2. What is the hundreds digit of c(4)?
1
Let d = 2723 + 1648. What is the thousands digit of d?
4
Suppose -2*r + 5*g = 2 + 2, 3*r - 3*g = 12. Suppose r = -0*d + 2*d. Suppose 5*k = -i - 0*i + 50, d*i - 234 = -3*k. What is the tens digit of i?
6
Suppose 96 = 50*f - 44*f. Suppose -4*w + 2 = -l - f, 0 = 2*w - 3*l - 14. What is the units digit of w?
4
Suppose 0 = -8*i - 2049 - 7263. Let x = -637 - i. What is the tens digit of x?
2
Let m be (2*(-7)/(-56))/(1/(-12)). What is the units digit of ((-7)/m - 1)*222/4?
4
Let f(m) = 5*m**3 + 6*m**2 + 7*m + 28. Let j(s) = s**3 + s**2 + s - 1. Let v(b) = f(b) - 6*j(b). Let k be v(0). What is the tens digit of k + (-1 - -1) + -3?
3
Suppose -4*v + 8076 = -13900. What is the thousands digit of v?
5
Let h(y) = 5*y - 98. Let g(r) = 4*r - 97. Let v(z) = -6*g(z) + 5*h(z). Let o(m) = -m - 11. Let t be o(-11). What is the tens digit of v(t)?
9
Suppose -42*y - 151818 = -3068886. What is the ten thousands digit of y?
6
Let s = 117 + -110. Let k be 958/8 - 4/((-112)/s). Suppose -7*a = -3*a - k. What is the units digit of a?
0
Suppose 65 = -h + 103. Let u = 1514 + h. What is the thousands digit of u?
1
What is the thousands digit of 474600/18 - (60/(-40) - 39/(-18))?
6
Let z be 8/14 + (-24428)/(-28). Let k = z - 591. What is the hundreds digit of k?
2
Let m be ((-1)/((-20)/48))/(7/(-35)). Let b(a) = -2*a**3 - 13*a**2 - 3*a + 36. What is the tens digit of b(m)?
5
Let d(l) be the second derivative of 5*l**4/12 + 2*l**3/3 + l**2/2 - 8*l - 1. What is the tens digit of d(-8)?
8
Let g(k) = 575*k**2 - 215*k - 12. What is the thousands digit of g(5)?
3
Let i be 132/36 + 1/3. Let p(b) = 1 + 5*b**2 + i*b - b**2 - 6 + 141*b**2. What is the units digit of p(1)?
4
Suppose -t + 3 = 5*b, 2*b + 0*b - 6 = -2*t. Suppose -1 = -m, -4*v - 2*m + t*m = -175. Suppose -7*p + 6*p + v = 0. What is the units digit of p?
4
Suppose 4*k - 5*t = 9851 + 16538, 2*k - 4*t = 13196. What is the hundreds digit of k?
5
Let n(k) = -k**3 - 6*k**2 - 15. Let v be n(-6). Let q be (-16 - v) + 1/((-1)/44). What is the hundreds digit of (-2)/(-9) + 3 + (-4940)/q?
1
Let d(w) = 26*w**3 - 2*w**2 - 2*w - 2. Let x be d(-1). Suppose 2*k - 4 = -0*k, 0 = -3*h + 4*k + 67. What is the tens digit of 7/(15/(-20) - h/x)?
4
Let l(q) = 1429*q**2 + 22*q - 7. What is the thousands digit of l(-2)?
5
Let a(f) = -9*f - 13*f**2 + 38*f + 6*f + f**3 - 19. What is the units digit of a(10)?
1
Let p(r) = 16*r**2 + 76*r - 995. What is the thousands digit of p(49)?
1
Suppose h - 35766 - 16196 = -4*n, -3*n + 3*h = -38979. What is the ten thousands digit of n?
1
Let h(u) = -4601*u + 5573. What is the units digit of h(-7)?
0
Suppose 5*a = 7*h - 10036, 4*h - 1658 = 3*a + 4076. What is the units digit of h?
8
Let c be (-3)/(-7)*(4 + 0 + 3). Suppose 5*k +